s the highest common factor of 96664 and 392?
8
What is the greatest common divisor of 16 and 13165?
1
Calculate the highest common divisor of 4977 and 10332.
63
What is the greatest common divisor of 56 and 313628?
28
What is the greatest common divisor of 2539404 and 756?
756
What is the greatest common factor of 4655 and 2926?
133
Calculate the greatest common divisor of 102 and 1145324.
34
Calculate the highest common divisor of 119 and 16527.
7
What is the greatest common factor of 14192 and 1424?
16
What is the highest common factor of 870 and 3216390?
870
What is the greatest common factor of 41565 and 14535?
255
Calculate the highest common divisor of 1118340 and 378.
54
What is the greatest common factor of 48790 and 102172?
574
What is the highest common divisor of 891 and 12969?
99
Calculate the highest common factor of 555 and 435.
15
Calculate the highest common factor of 11533 and 1919.
19
Calculate the greatest common divisor of 1596 and 118560.
228
Calculate the greatest common factor of 245 and 97265.
245
What is the highest common factor of 110 and 276859?
11
What is the greatest common divisor of 466301 and 77?
11
Calculate the greatest common divisor of 1376 and 271072.
1376
What is the highest common factor of 4527 and 99?
9
What is the greatest common factor of 1417 and 104?
13
What is the highest common factor of 37820 and 14030?
610
Calculate the greatest common factor of 17237 and 44.
11
What is the highest common divisor of 250559 and 284?
71
What is the greatest common factor of 984 and 1429752?
984
Calculate the highest common factor of 46 and 287431.
23
What is the greatest common divisor of 23751 and 32877?
117
Calculate the greatest common divisor of 386092 and 4.
4
Calculate the highest common divisor of 4753 and 1552.
97
Calculate the greatest common factor of 94 and 567431.
47
Calculate the greatest common factor of 1740 and 658764.
348
What is the greatest common divisor of 5016 and 18898?
22
What is the highest common divisor of 2527 and 10507?
133
Calculate the greatest common factor of 7254 and 270.
18
What is the highest common factor of 2664 and 8?
8
What is the greatest common factor of 399 and 6334923?
399
Calculate the highest common divisor of 4256 and 92036.
532
Calculate the highest common divisor of 720370 and 82.
82
What is the highest common factor of 18 and 1154?
2
What is the greatest common factor of 156 and 373568?
52
Calculate the greatest common factor of 910755 and 74.
37
Calculate the greatest common divisor of 62912 and 2048.
64
What is the highest common factor of 185936 and 176?
16
Calculate the highest common divisor of 2080224 and 682.
62
What is the highest common divisor of 24468 and 2592?
12
Calculate the greatest common divisor of 10906 and 79786.
574
What is the greatest common divisor of 570 and 2182150?
190
Calculate the greatest common divisor of 193 and 2511509.
193
Calculate the greatest common divisor of 9216 and 1440.
288
Calculate the greatest common factor of 19 and 322411.
19
Calculate the greatest common divisor of 85 and 2107813.
17
Calculate the highest common factor of 14937 and 221.
13
What is the highest common factor of 10260 and 122040?
540
What is the greatest common factor of 55577 and 447?
149
Calculate the highest common factor of 537 and 14628.
3
What is the greatest common factor of 4983 and 396?
33
Calculate the greatest common factor of 154309 and 34.
17
What is the greatest common divisor of 405 and 96075?
45
Calculate the greatest common factor of 1316 and 21244.
188
Calculate the highest common divisor of 1555 and 95477.
311
What is the greatest common factor of 253 and 7751?
23
What is the highest common divisor of 80 and 42820?
20
Calculate the greatest common factor of 1550081 and 26.
13
What is the greatest common divisor of 752290 and 210?
70
What is the greatest common divisor of 39236 and 1156?
68
Calculate the greatest common divisor of 9462 and 62358.
114
What is the highest common factor of 45 and 1759248?
9
Calculate the greatest common factor of 169 and 175760.
169
What is the highest common divisor of 1925 and 2697310?
385
What is the greatest common factor of 870864 and 36?
12
What is the highest common divisor of 35427 and 1?
1
Calculate the highest common factor of 276 and 5988.
12
What is the highest common factor of 5576 and 6392?
136
What is the highest common factor of 14896 and 21?
7
What is the highest common divisor of 294 and 943642?
98
What is the greatest common factor of 8637 and 27?
3
Calculate the highest common divisor of 4998 and 519078.
714
What is the highest common divisor of 37556 and 697?
41
What is the highest common factor of 272 and 4050?
2
Calculate the highest common divisor of 8639 and 2608.
163
Calculate the greatest common factor of 21142 and 3069.
341
What is the greatest common factor of 9 and 1862307?
9
Calculate the greatest common factor of 171 and 576.
9
Calculate the greatest common divisor of 140 and 2016.
28
Calculate the highest common divisor of 106874 and 10.
2
What is the highest common divisor of 646 and 1406?
38
Calculate the greatest common divisor of 1827 and 84825.
261
Calculate the greatest common factor of 11 and 634414.
11
Calculate the greatest common divisor of 2935 and 10.
5
What is the greatest common factor of 323 and 1573333?
323
Calculate the highest common divisor of 916 and 55418.
458
What is the greatest common divisor of 12 and 175702?
2
Calculate the highest common factor of 555407 and 51.
17
Calculate the highest common factor of 800 and 928.
32
What is the highest common factor of 23672 and 37391?
269
What is the greatest common factor of 112 and 15952?
16
Calculate the greatest common factor of 17678 and 338.
2
What is the greatest common factor of 1102 and 147726?
58
Calculate the greatest common factor of 24431 and 88.
11
Calculate the greatest common divisor of 798 and 58338.
42
Calculate the greatest common divisor of 12 and 16772.
4
Calculate the highest common factor of 453 and 4569.
3
What is the greatest common divisor of 126218 and 446?
446
Calculate the highest common divisor of 8 and 17209096.
8
What is the highest common divisor of 1503 and 1143?
9
What is the highest common divisor of 1897 and 826?
7
Calculate the highest common factor of 229 and 8519029.
229
What is the greatest common divisor of 42960 and 228?
12
What is the highest common factor of 756 and 1017576?
756
What is the highest common divisor of 202 and 122412?
202
Calculate the greatest common divisor of 326697 and 4965.
993
What is the highest common factor of 160 and 999120?
80
Calculate the highest common factor of 17 and 5107327.
17
Calculate the greatest common factor of 2194682 and 1652.
826
What is the highest common divisor of 1183928 and 209?
19
Calculate the highest common divisor of 1296 and 121014.
162
What is the greatest common factor of 117 and 1185?
3
Calculate the highest common divisor of 1285 and 5.
5
Calculate the greatest common divisor of 11658 and 25125.
201
Calculate the greatest common divisor of 1099054 and 22.
22
What is the highest common divisor of 1250 and 7496250?
1250
Calculate the highest common factor of 84 and 51730.
14
Calculate the highest common factor of 13412 and 28.
28
What is the greatest common divisor of 229 and 1809329?
229
What is the greatest common factor of 504 and 51072?
168
What is the highest common factor of 1598 and 119?
17
Calculate the highest common divisor of 537621 and 21.
21
What is the highest common factor of 67906 and 608?
38
What is the greatest common divisor of 440 and 973984?
88
Calculate the highest common factor of 16184 and 7803.
289
What is the greatest common divisor of 46547 and 445?
89
What is the highest common factor of 142721 and 1886?
41
Calculate the highest common divisor of 370 and 17908.
74
Calculate the highest common factor of 54425 and 1750.
175
What is the greatest common factor of 3895 and 42066?
779
Calculate the highest common factor of 42790 and 4668.
778
Calculate the greatest common factor of 102 and 917439.
51
Calculate the highest common divisor of 55 and 17468.
11
Calculate the greatest common divisor of 33 and 4860933.
33
What is the greatest common divisor of 1523988 and 27?
27
What is the hig